
What is the highest common factor of 69 and 529?
23
What is the greatest common factor of 36 and 2868?
12
Calculate the highest common divisor of 23140 and 260.
260
What is the highest common divisor of 17526 and 828?
138
What is the greatest common factor of 1 and 17?
1
What is the greatest common factor of 16 and 21504?
16
Calculate the highest common divisor of 16 and 5856.
16
What is the highest common factor of 51 and 17?
17
Calculate the highest common divisor of 3 and 479.
1
Calculate the greatest common divisor of 10846 and 68.
34
Calculate the highest common factor of 3298 and 34.
34
Calculate the greatest common factor of 134 and 469.
67
Calculate the greatest common factor of 18776 and 40.
8
Calculate the greatest common factor of 287 and 11685.
41
What is the greatest common factor of 12 and 57?
3
What is the greatest common factor of 36885 and 15?
15
What is the highest common factor of 408 and 136?
136
Calculate the highest common divisor of 212 and 16.
4
Calculate the highest common divisor of 12 and 1746.
6
What is the highest common divisor of 963 and 5029?
107
What is the highest common factor of 20 and 30?
10
Calculate the highest common factor of 84 and 1050.
42
Calculate the highest common divisor of 1022 and 28.
14
What is the greatest common divisor of 2907 and 1581?
51
What is the greatest common factor of 1243 and 11?
11
What is the highest common factor of 141 and 11703?
141
Calculate the highest common divisor of 50 and 6.
2
Calculate the greatest common divisor of 2247 and 42.
21
Calculate the greatest common divisor of 6 and 46.
2
Calculate the highest common divisor of 76 and 61598.
38
What is the highest common factor of 105 and 273?
21
What is the greatest common divisor of 560 and 210?
70
What is the highest common factor of 43423 and 173?
173
Calculate the highest common factor of 10 and 8.
2
Calculate the greatest common divisor of 3 and 156.
3
Calculate the highest common divisor of 48 and 840.
24
What is the greatest common divisor of 2828 and 448?
28
Calculate the highest common factor of 44 and 14.
2
What is the highest common factor of 18 and 990?
18
Calculate the highest common divisor of 1197 and 114.
57
What is the highest common divisor of 177 and 3?
3
Calculate the highest common divisor of 64 and 464.
16
What is the highest common divisor of 12 and 64?
4
Calculate the highest common factor of 341 and 7533.
31
Calculate the greatest common divisor of 198 and 726.
66
What is the highest common divisor of 84 and 567?
21
Calculate the greatest common divisor of 3 and 2631.
3
Calculate the greatest common divisor of 5588 and 44.
44
Calculate the greatest common divisor of 20 and 110.
10
What is the highest common divisor of 2867 and 517?
47
What is the greatest common factor of 3872 and 64?
32
What is the greatest common factor of 85 and 2465?
85
What is the greatest common divisor of 391 and 161?
23
Calculate the highest common factor of 16 and 7344.
16
What is the greatest common divisor of 115 and 45?
5
What is the highest common divisor of 89 and 31417?
89
Calculate the highest common factor of 36 and 486.
18
What is the highest common factor of 1428 and 924?
84
What is the greatest common factor of 580 and 986?
58
What is the highest common factor of 40 and 2500?
20
What is the highest common factor of 140 and 56?
28
Calculate the highest common factor of 36 and 576.
36
Calculate the greatest common divisor of 242 and 88.
22
Calculate the highest common factor of 26 and 1222.
26
What is the highest common factor of 55 and 143?
11
Calculate the highest common divisor of 12 and 6348.
12
What is the highest common factor of 12 and 5286?
6
What is the greatest common factor of 33 and 77?
11
What is the highest common factor of 253 and 23?
23
What is the greatest common divisor of 7707 and 189?
21
What is the greatest common divisor of 50625 and 270?
135
Calculate the highest common divisor of 3200 and 64.
64
What is the greatest common factor of 122144 and 88?
88
Calculate the highest common divisor of 276 and 1472.
92
What is the greatest common divisor of 81 and 513?
27
Calculate the highest common divisor of 2934 and 144.
18
What is the highest common factor of 39 and 1443?
39
What is the greatest common factor of 5344 and 16?
16
What is the highest common factor of 52 and 39?
13
What is the greatest common factor of 45 and 180?
45
Calculate the highest common factor of 292 and 1022.
146
Calculate the highest common divisor of 42 and 112.
14
What is the highest common divisor of 252 and 1638?
126
Calculate the greatest common factor of 90 and 3015.
45
Calculate the greatest common factor of 460 and 140.
20
What is the greatest common factor of 42 and 60?
6
What is the highest common factor of 172 and 301?
43
Calculate the highest common factor of 1014 and 6.
6
Calculate the highest common factor of 4 and 1228.
4
What is the greatest common factor of 50 and 1060?
10
Calculate the highest common divisor of 315 and 175.
35
What is the greatest common factor of 2397 and 3102?
141
What is the highest common divisor of 195 and 156?
39
What is the greatest common divisor of 60 and 22056?
12
What is the highest common divisor of 84 and 406?
14
Calculate the highest common divisor of 22088 and 44.
44
What is the highest common divisor of 35 and 595?
35
What is the greatest common factor of 20 and 65?
5
What is the highest common factor of 42 and 3934?
14
Calculate the greatest common divisor of 167 and 4175.
167
Calculate the greatest common factor of 689 and 325.
13
Calculate the highest common divisor of 78 and 273.
39
What is the highest common divisor of 65 and 3695?
5
Calculate the greatest common divisor of 266 and 42.
14
What is the highest common divisor of 47 and 3431?
47
What is the greatest common factor of 3708 and 9?
9
Calculate the greatest common divisor of 91 and 169.
13
What is the greatest common factor of 36 and 3252?
12
Calculate the greatest common divisor of 672 and 1134.
42
Calculate the greatest common factor of 783 and 3.
3
What is the greatest common factor of 615 and 10?
5
Calculate the greatest common factor of 216 and 243.
27
What is the highest common factor of 19080 and 40?
40
What is the highest common factor of 504 and 27?
9
Calculate the greatest common divisor of 66 and 66.
66
Calculate the greatest common divisor of 30 and 24.
6
What is the greatest common divisor of 12848 and 4?
4
What is the greatest common divisor of 384 and 1024?
128
What is the highest common factor of 152 and 15542?
38
Calculate the greatest common factor of 67 and 3283.
67
What is the greatest common divisor of 11141 and 26?
13
What is the greatest common divisor of 18 and 1098?
18
What is the greatest common factor of 160 and 11440?
80
What is the greatest common divisor of 162 and 378?
54
Calculate the highest common divisor of 49 and 1568.
49
What is the highest common factor of 14 and 2954?
14
What is the highest common factor of 1833 and 39?
39
What is the highest common divisor of 1233 and 531?
9
Calculate the highest common divisor of 221 and 17.
17
What is the greatest common factor of 11037 and 39?
39
Calculate the highest common divisor of 54 and 1026.
54
What is the greatest common factor of 16 and 200?
8
What is the greatest common factor of 27 and 3?
3
Calculate the highest common factor of 80 and 304.
16
What is the greatest common divisor of 476 and 252?
28
Calculate the greatest common factor of 966 and 42.
42
What is the greatest common divisor of 3843 and 63?
63
What is the highest common divisor of 518 and 2?
2
What is the greatest common factor of 9696 and 707?
101
Calculate the greatest common factor of 2 and 314.
2
Calculate the highest common factor of 552 and 2328.
24
Calculate the highest common factor of 2286 and 72.
18
What is the greatest common factor of 1620 and 20?
20
Calculate the highest common divisor of 990 and 693.
99
What is the highest common factor of 1807 and 26?
13
Calculate the highest common factor of 8903 and 116.
29
What is the highest common factor of 165 and 55?
55
What is the highest common factor of 2 and 75?
1
What is the highest common factor of 76 and 4?
4
What is the greatest common divisor of 8 and 28?
4
What is the highest common divisor o